x - g*f, 0 = -5*x + 2*x + f + 194. What is the tens digit of x?
6
Let d be (24/3)/((-6)/(-12)). Let p = -2 + d. What is the units digit of p?
4
Suppose 2*j - 6*j = 0. Suppose -s - 55 = -j*s. What is the units digit of s/(-4) + 6/(-8)?
3
Suppose 0 = -a - 4*a + 5*b - 315, 4*a + 4*b + 252 = 0. Let o = a - -91. What is the tens digit of o?
2
Let u = 14 + -7. Suppose 4*n - 3*r = 2*r + 22, 0 = 5*n + 4*r - u. Suppose -13 - 92 = -n*k. What is the tens digit of k?
3
Let h = 50 + -33. Suppose 19*m - h*m - 62 = 0. What is the units digit of m?
1
What is the hundreds digit of ((-17)/(170/28230))/(-1)?
8
Let r(v) = 33*v**2 + 23*v + 22. What is the hundreds digit of r(8)?
3
Let j(p) = p**3 - 27*p**2 + 3*p - 3. What is the tens digit of j(27)?
7
Let m = 1762 + -635. What is the tens digit of m?
2
Let z be (-38)/10 + 11/(-55). Let f be (z - -1)*6/9. What is the tens digit of -5*f/(-4)*-6?
1
Let u = -7 - -9. Suppose 0 = -u*g + 5 + 25. What is the units digit of g?
5
Suppose -5*t + 4 = 14, 5*t = -2*h + 382. Suppose -p + 4*g + 34 = 0, 0 = 4*p - 2*g + g - h. What is the units digit of p?
0
What is the hundreds digit of (-6 - 69641/(-44)) + 2/8?
5
Let t(z) = 3 + 3*z**2 - 5 - 1. Let q be (-36)/(-10) - (4 + 17/(-5)). What is the tens digit of t(q)?
2
Let b be ((-4)/(-8))/(2/(-24)). Let h be (-17)/b - (-3)/18. Suppose -49 = -2*r - h. What is the units digit of r?
3
Let q be (-50)/(-20) - (-2)/(-4). Suppose 510 = -q*c - 4*k, 5*c + k + 378 = -915. What is the tens digit of c/(-4) + (-4)/(-16)?
6
Let s = 29 - 29. Suppose -2*u - 6 + 146 = s. What is the tens digit of u?
7
Let y be ((-18)/36)/(2/(-440)). Suppose 10*u - y = 670. What is the units digit of u?
8
Suppose 5*r - 207 = 2*b + b, r + b - 43 = 0. Let m = r - -73. What is the hundreds digit of m?
1
Suppose -11 = -4*v + 3*g, 0*v - 5*v - 2*g = -31. Suppose v*l + 16 = l, 0 = 3*u - 4*l - 787. What is the tens digit of u?
5
Suppose -32 = -3*u - 8. What is the tens digit of u/(-52) + (-316)/(-26)?
1
Let v(r) = -41*r - 2. Let u(t) = t**3 - 3*t**2 - 1. Suppose 12 = 2*b + 6. Let h be u(b). What is the units digit of v(h)?
9
Let d(m) = 159*m**2 + 8*m + 9. What is the hundreds digit of d(-1)?
1
Let m = 62 - 71. Let y(g) = -19*g + 14. What is the tens digit of y(m)?
8
Suppose -1221 = -11*q + 1551. Suppose -7*s - q = -10*s. What is the tens digit of s?
8
Let w(q) = -189*q - 1103. What is the units digit of w(-33)?
4
Let w = 10 + -31. What is the tens digit of 3 + -8*w/3?
5
Suppose -2*l - 14 = -4*u - 34, -5*u = -l + 16. Let t = -2 + l. Let z = -3 + t. What is the units digit of z?
1
Let w(o) = 136*o**2 - 7*o - 9. What is the hundreds digit of w(-3)?
2
Suppose r = -2*r + 9. Suppose x - 10 = -s, 25 = 3*s + 4*x - r. Suppose -s = -4*c + c. What is the units digit of c?
4
Let y(z) be the third derivative of 89*z**5/30 + 5*z**4/24 - 2*z**3/3 - 8*z**2 + 3*z. What is the tens digit of y(1)?
7
Let f(z) = -z**2 + 4*z - 1. Let c(j) = j**3 + 7*j**2 + 7*j + 8. Let a be c(-6). Let m be f(a). What is the units digit of 4/m*(-36)/(-16)?
3
Let b be 8/(-12) - 105/(-9). Let a(m) = -8*m - 3 - 5*m + b*m. What is the units digit of a(-3)?
3
Let w(f) = 3*f + 4. Let a be w(2). Suppose -8*r - 114 = -a*r. What is the units digit of r?
7
Let z = 200 + -65. Suppose -2*q - a + 132 = a, -2*q + z = 3*a. What is the units digit of q?
3
Let i = 2350 + 940. What is the thousands digit of i?
3
Let t be -7 - -6 - 3 - (-1 + 3). Let d = t - -104. What is the units digit of d?
8
Suppose 0*m = -22*m + 10626. What is the tens digit of m?
8
Let x = -4 - -2. Let f(p) = -49*p. Let o be f(x). Suppose -3*y + 6*y = 4*d - o, y - 132 = -5*d. What is the tens digit of d?
2
Suppose -3*t = -6*t - r - 11, 5*r + 23 = t. Let c be (t + 1 + -56)*-1. Suppose 3*j = -q + c, -3*j + j = -4*q - 24. What is the units digit of j?
8
Let p be 14/(-4) + (-4)/(-8). Let j be (9/p)/(3/15). What is the units digit of (j/5)/(6/(-50))?
5
Suppose 3*j + 2*o = -7, -o - 8 = 4*j + 8. Let y(b) = -b**3 + b. Let i(g) = g**3 - 3*g**2 + g - 5. Let p(c) = i(c) + 2*y(c). What is the units digit of p(j)?
0
Let z be 4/(-6) - 2/6. Let y(i) = 34*i + 5. Let b(q) = -34*q - 7. Let m(w) = -3*b(w) - 4*y(w). What is the units digit of m(z)?
5
Let z(f) = -10*f**2 - 4 + f - 4*f**2 + 0*f + 18*f**2. What is the units digit of z(-3)?
9
Let p = -10 - -14. Suppose p*b - 16 = 0, g - 6 - 16 = -2*b. Let w = -6 + g. What is the units digit of w?
8
What is the units digit of 4 + (-10)/(40/(-5572))?
7
Let v(k) = k**2 + 18*k + 22. Let p be v(-16). Let w(q) = -6 - 5 + q**2 - q + 6*q. What is the units digit of w(p)?
9
Let b(o) = o**3 - 8*o**2 - 8*o - 5. Let s be b(9). Let t(v) = 2*v**3 - 2*v**2 + 8*v - 4. What is the units digit of t(s)?
4
Let j(p) = p**2 + 2*p - 2. Let n be j(-5). Suppose z = n - 11. What is the units digit of z?
2
Suppose -3*w + 20 = 2*w. Suppose c = w*f + 34, c - 6*f + f = 36. What is the units digit of c?
6
Suppose 119*s - 12236 = 100*s. What is the tens digit of s?
4
Suppose 2*o + 3 = -o. Let x = o - 10. Let a = x - -30. What is the units digit of a?
9
Let y(z) = -z + 18. Let q be y(16). Suppose q*l = j + 2, -3*l - 4*j = -4*l - 13. Suppose 3*g + 72 = l*c - 123, -c - 2*g = -62. What is the units digit of c?
4
Let r = -2 + 14. Let m(p) = 2*p + 8. Let s be m(r). Suppose -16 = x - s. What is the tens digit of x?
1
Let x be 5/((-15)/(-18)) + -3. Suppose q + x = 4. What is the units digit of 18/12*4*q?
6
Let j(y) = y**2 + 11*y + 283. What is the hundreds digit of j(0)?
2
Let y(j) = 3*j**2 + 2*j + 7. What is the units digit of y(11)?
2
Let y(k) be the second derivative of 5*k**4/12 + 2*k**3 + 5*k**2/2 + 30*k. What is the hundreds digit of y(6)?
2
Let n be (0 - (-4)/8)*26. Suppose 3*l = -5*v + 14, -4*v - 3 + n = 3*l. Suppose 0*m + h + 135 = 5*m, v*m + 5*h - 137 = 0. What is the tens digit of m?
2
Let k = 66 + -226. Let y = -99 - k. What is the units digit of y?
1
Let w(f) = f - 9. Let r(h) = -1. Let a(g) = -6*r(g) + w(g). Let i be a(5). Let k = 21 - i. What is the units digit of k?
9
Let w = -133 + 1128. What is the hundreds digit of w?
9
Let r be (12/(-14))/(1/(-7)). Let h = -291 + 291. What is the units digit of h + 12/(-4) + r?
3
Let y(w) = w**3 + 12*w**2 + 17*w - 10. Let i be y(-8). Let r = i - 57. What is the units digit of r?
3
Let y(p) = 4*p**2 - 22*p - 15. What is the units digit of y(-9)?
7
Suppose -6*l + l - 160 = 0. Let c be ((-72)/l)/(6/80). Suppose 3*g - c = 117. What is the units digit of g?
9
Let j = 2 + 22. Suppose 6 + j = 5*v. Suppose -5*k + v*k = 10. What is the tens digit of k?
1
Suppose 5 + 9 = 4*j - 2*i, -15 = 5*i. Suppose -2*f = -3*y - 2*y - 59, -j*y + 94 = 2*f. What is the units digit of f?
2
Suppose 5*m - 2*k - 2635 = 0, 0 = -5*m + m + k + 2105. Suppose 0 = l - 4*l + m. What is the hundreds digit of l?
1
Let f = 202 - 134. Let d = f + -46. What is the tens digit of d?
2
Suppose -5*w = -y - 890, 3*w + w - 718 = 2*y. Suppose 2*j - 5*j + w = 0. What is the tens digit of j?
5
What is the tens digit of 103/(-309) + (0 - 22478/(-6))?
4
Let h be (-396)/77*14/(-4). Let c = h - 1. Let k = c + -14. What is the units digit of k?
3
Suppose 4*a - 16 = 3*j, -j = -5*a - 3*j + 20. Suppose 92 = a*u - 124. What is the tens digit of u?
5
Let q(p) = 4*p**3 - 2*p**2 - 1 - 3*p**2 - 5*p - 3*p**3. Let h be q(6). Suppose -2*c = -c - 4*x - 52, 5*c - h*x = 245. What is the tens digit of c?
4
Let d = 15 - 10. Suppose 4*g - 286 = -5*j + 134, 0 = j - d*g - 55. What is the units digit of j?
0
Let l = 21 - 21. Suppose 6*v + 17 = j + v, -v = l. What is the tens digit of j?
1
Suppose -13*m + 164 = -9*m. Let h = m + -16. Let d = h + -18. What is the units digit of d?
7
Let y(m) = -m**2 + 4. Let j be y(0). Suppose -3*k - 226 = -h, 0 = 5*h + 6 + j. What is the tens digit of (k/(-8) - 4)*2?
1
Let c(r) = -r**2 + 13*r. Let z be c(13). Suppose -5*k - 83 + 303 = z. What is the tens digit of k?
4
Suppose -6*w - 55 = -w. Let u = w - -31. Let q = -4 + u. What is the tens digit of q?
1
Suppose 3825 = -0*k + 15*k. Suppose k + 676 = 7*t. What is the units digit of t?
3
Let b(s) = 4*s**3 - 7*s**2 + 2*s - 13. Let v(t) = t**3 - 1. Let x(r) = -b(r) + 5*v(r). Let h be x(-8). Let i = -22 - h. What is the tens digit of i?
1
Let n(w) = 177*w + 6. Let b be n(6). Suppose 5*a + b = -472. What is the tens digit of (-4)/(-6) - a/6?
5
Let k = 23 + -25. What